{"id":209,"date":"2018-02-05T16:38:14","date_gmt":"2018-02-05T15:38:14","guid":{"rendered":"http:\/\/autoclasscomposite.com\/site\/faqs-copy\/"},"modified":"2025-05-09T10:43:44","modified_gmt":"2025-05-09T09:43:44","slug":"preguntas-frecuentes","status":"publish","type":"page","link":"https:\/\/www.autoclasscomposite.com\/site\/preguntas-frecuentes\/","title":{"rendered":"Preguntas frecuentes"},"content":{"rendered":"[vc_row type=&#8221;in_container&#8221; full_screen_row_position=&#8221;middle&#8221; scene_position=&#8221;center&#8221; text_color=&#8221;dark&#8221; text_align=&#8221;left&#8221; overlay_strength=&#8221;0.3&#8243; shape_divider_position=&#8221;bottom&#8221;][vc_column column_padding=&#8221;no-extra-padding&#8221; column_padding_position=&#8221;all&#8221; background_color_opacity=&#8221;1&#8243; background_hover_color_opacity=&#8221;1&#8243; column_shadow=&#8221;none&#8221; column_border_radius=&#8221;none&#8221; width=&#8221;1\/1&#8243; tablet_text_alignment=&#8221;default&#8221; phone_text_alignment=&#8221;default&#8221; column_border_width=&#8221;none&#8221; column_border_style=&#8221;solid&#8221;][vc_column_text]\n<h2><a href=\"https:\/\/www.autoclasscomposite.com\/web\/index.php\/es\/soporte\/preguntas-frecuentes\">PREGUNTAS FRECUENTES<\/a><\/h2>\n<p class=\"p1\"><strong>&#8211; \u00bfC\u00f3mo puedo obtener soporte personalizado?\u00a0<\/strong>Por favor env\u00ede un email a info @ autoclasscomposite.com con su consulta, incluya el m\u00e1ximo de informaci\u00f3n disponible tal como sistema operativo, version de Photoshop, \u00faltimos pasos as\u00ed como los mensajes de error u avisos que obtenga.\u00a0<strong>Por favor tenga en cuenta que no podemos proporcionar soporte personalizado para versiones antiguas del programa, solo podemos atender a usuarios con una suscripci\u00f3n activa a Auto Class Composite.<\/strong><\/p>\n<p><strong>&#8211; Necesito Photoshop ?\u00a0<\/strong>Si, tienes que tener instalado Adobe Photoshop CS o superior.<\/p>\n<p><strong>&#8211; C\u00f3mo funciona la suscripci\u00f3n ?<\/strong> Al finalizar tu pedido recibir\u00e1s un c\u00f3digo de activaci\u00f3n del programa, debes introducir este c\u00f3digo en la ventana que aparece al pulsar en el bot\u00f3n de suscripci\u00f3n y el programa conectar\u00e1 con nuestro servidor para validarla, la suscripci\u00f3n es v\u00e1lida por un a\u00f1o y se renovar\u00e1 autom\u00e1ticamente al finalizar el periodo aunque, por supuesto, puedes cancelar la suscripci\u00f3n en cualquier momento.<\/p>\n<p><strong>&#8211; En cuantos ordenadores puedo instalar el programa ?<\/strong>\u00a0La licencia de Auto Class Composite &#8211; Orlas es para dos equipos siempre y cuando ambos equipos sean del mismo propietario, utilizados por un s\u00f3lo usuario y no simult\u00e1neamente.<\/p>\n<p>&#8211;\u00a0<strong>Hay una versi\u00f3n para Macintosh ?<\/strong>\u00a0Si, disponemos de versi\u00f3n para Windows Pc y Apple Mac OS X.<\/p>\n<p>&#8211;\u00a0<strong>Hay un l\u00edmite en el n\u00famero de fotograf\u00edas que se pueden colocar en la orla ?<\/strong>\u00a0No, no hay l\u00edmite. Ten en cuenta que colocar muchas fotograf\u00edas en la orla puede llevar alg\u00fan tiempo por lo que recomendamos que primero hagas un prueba con unas pocas fotos, esto se puede hacer f\u00e1cilmente sin m\u00e1s que colocar estas fotos en una carpeta de prueba y seleccionando \u00e9sta carpeta en Orlas.<\/p>\n<p><strong>&#8211; Puedo poner fotos de dos o m\u00e1s carpetas?<\/strong>\u00a0Si, primero selecciona la capa de forma donde quieres empezar con esta carpeta y una vez seleccionada la carpeta rellena la orla, el programa usar\u00e1 la capa seleccionada y las siguientes (en el orden de la ventana de capas de Photoshop) para esta carpeta; luego selecciona otra capa y otra carpeta y vuelve a rellenar la orla. Es una caracter\u00edstica muy \u00fatil para rellenar la orla primero con profesores y luego con los alumnos permitiendo la ordenaci\u00f3n alfab\u00e9tica de cada grupo.<\/p>\n<p>&#8211;\u00a0<strong>En cuantos idiomas est\u00e1 disponible Auto Class Composite &#8211; Orlas ?<\/strong> La aplicaci\u00f3n est\u00e1 disponible en ingl\u00e9s y espa\u00f1ol, puedes seleccionar el idioma pulsando en Preferencias<\/p>\n<p>&#8211;<strong>\u00a0Son modificables las capas de forma ?<\/strong>\u00a0Si, puedes usar cualquier capa de forma de Photoshop o crear la tuya, tambi\u00e9n puedes usar las capas de forma que encuentres en Internet siempre y cuando sean compatibles con Photoshop. Y recuerda que puedes a\u00f1adir efectos ( estilos) a la capa de forma como biselado, sombra, resplandor, etc. , estos efectos ser\u00e1n visibles en las fotograf\u00edas de la orla cuando la rellenes.[\/vc_column_text]<div class=\"img-with-aniamtion-wrap center\" data-max-width=\"100%\" data-border-radius=\"none\"><div class=\"inner\"><img data-shadow=\"none\" data-shadow-direction=\"middle\" class=\"img-with-animation \" data-delay=\"150\" height=\"400\" width=\"600\" data-animation=\"grow-in\" src=\"https:\/\/www.autoclasscomposite.com\/site\/wp-content\/uploads\/2018\/02\/school1.jpg\" srcset=\"https:\/\/www.autoclasscomposite.com\/site\/wp-content\/uploads\/2018\/02\/school1.jpg 600w, https:\/\/www.autoclasscomposite.com\/site\/wp-content\/uploads\/2018\/02\/school1-300x200.jpg 300w\" sizes=\"100vw\" alt=\"\" \/><\/div><\/div>[\/vc_column][\/vc_row]\n","protected":false},"excerpt":{"rendered":"<p>[vc_row type=&#8221;in_container&#8221; full_screen_row_position=&#8221;middle&#8221; scene_position=&#8221;center&#8221; text_color=&#8221;dark&#8221; text_align=&#8221;left&#8221; overlay_strength=&#8221;0.3&#8243; shape_divider_position=&#8221;bottom&#8221;][vc_column column_padding=&#8221;no-extra-padding&#8221; column_padding_position=&#8221;all&#8221; background_color_opacity=&#8221;1&#8243; background_hover_color_opacity=&#8221;1&#8243; column_shadow=&#8221;none&#8221; column_border_radius=&#8221;none&#8221; width=&#8221;1\/1&#8243; tablet_text_alignment=&#8221;default&#8221; phone_text_alignment=&#8221;default&#8221; column_border_width=&#8221;none&#8221; column_border_style=&#8221;solid&#8221;][vc_column_text] PREGUNTAS FRECUENTES &#8211; \u00bfC\u00f3mo puedo obtener soporte personalizado?\u00a0Por favor env\u00ede un&#8230;<\/p>\n","protected":false},"author":1,"featured_media":0,"parent":0,"menu_order":0,"comment_status":"closed","ping_status":"closed","template":"","meta":[],"_links":{"self":[{"href":"https:\/\/www.autoclasscomposite.com\/site\/wp-json\/wp\/v2\/pages\/209"}],"collection":[{"href":"https:\/\/www.autoclasscomposite.com\/site\/wp-json\/wp\/v2\/pages"}],"about":[{"href":"https:\/\/www.autoclasscomposite.com\/site\/wp-json\/wp\/v2\/types\/page"}],"author":[{"embeddable":true,"href":"https:\/\/www.autoclasscomposite.com\/site\/wp-json\/wp\/v2\/users\/1"}],"replies":[{"embeddable":true,"href":"https:\/\/www.autoclasscomposite.com\/site\/wp-json\/wp\/v2\/comments?post=209"}],"version-history":[{"count":4,"href":"https:\/\/www.autoclasscomposite.com\/site\/wp-json\/wp\/v2\/pages\/209\/revisions"}],"predecessor-version":[{"id":750,"href":"https:\/\/www.autoclasscomposite.com\/site\/wp-json\/wp\/v2\/pages\/209\/revisions\/750"}],"wp:attachment":[{"href":"https:\/\/www.autoclasscomposite.com\/site\/wp-json\/wp\/v2\/media?parent=209"}],"curies":[{"name":"wp","href":"https:\/\/api.w.org\/{rel}","templated":true}]}}